common divisor of 24 and p?
12
Suppose 34 = 2*y - 2*b + 6, 3*b = 2*y - 33. Let g(k) = 19*k - 7. Let h be g(6). Let d = h + -8. Calculate the highest common divisor of y and d.
9
Let z be (-2 - 1)/((-5)/15). Suppose -3*o = -45 - z. Let w be 1 + ((-4)/6)/(2/(-33)). Calculate the highest common factor of w and o.
6
Let s(o) = -o**2 + 14*o - 3. Let h be s(13). What is the greatest common factor of h and 2?
2
Suppose 71*u + 333 = 80*u. Calculate the highest common divisor of 851 and u.
37
Let b(p) = p**3 + 6*p**2 - p - 7. Let a be b(-6). Let d be ((-16)/(-4) + a)*17. Let s = d + -36. What is the highest common divisor of 45 and s?
15
Suppose 19*i = 20*i + 4*o, 0 = -5*i - 3*o + 85. What is the greatest common factor of 116 and i?
4
Suppose 4*s - 230 = -s. Suppose x - 13*g + 10*g - 81 = 0, 5*x - 361 = 4*g. What is the greatest common factor of x and s?
23
Suppose 0 = -6*q + 31 + 305. Calculate the highest common divisor of q and 136.
8
Let c = 127 - 74. Let t = c + 64. Calculate the highest common divisor of t and 9.
9
Let u = 198 + -110. Let r = u - 56. What is the highest common factor of r and 256?
32
Suppose 5*d - 10 = 0, z + 6*d = 4*d + 67. What is the greatest common factor of z and 84?
21
Let b = 9 + 9. Let r be (((-6)/(-2))/b)/(2/12). Suppose 3*w + 2 = 29. Calculate the greatest common factor of w and r.
1
Suppose 5*y = 4*k - 12, 3*k - 2*y - 44 = -7*y. Calculate the highest common divisor of 108 and k.
4
Let c = 124 + -14. What is the greatest common factor of c and 44?
22
Let t(i) = 2*i**3 + i**2 + 6*i - 14. Let f be t(4). Suppose -4 = -4*d + 52. Calculate the greatest common divisor of d and f.
14
Suppose -161*o - 48 = -164*o. Let j(w) = -w**2 + w + 64. Let d be j(0). Calculate the greatest common divisor of o and d.
16
Let k = 12 + -9. Suppose -5*u + k + 3 = -l, 0 = 2*l - 8. Suppose -166 = -u*s - 2*i, 5*s - s - i - 317 = 0. Calculate the highest common factor of s and 32.
16
Let s(v) = -v**3 - v**2 - 2*v + 35. Let i be s(0). Let r = 13 + i. Let q be (-2)/(-7) + (-222)/(-7). What is the greatest common divisor of q and r?
16
Let y(j) = -71*j**2 + 141*j**2 - 64*j**2 - 6*j - 8. Let b be y(4). What is the highest common divisor of b and 160?
32
Let p = -19 - -53. Suppose 5*f + 0*z - 2*z = 435, 2*z = -2*f + 160. What is the highest common factor of f and p?
17
Suppose -187 = -3*m - 31. What is the greatest common divisor of 364 and m?
52
Let q be (-11)/((-55)/722) - (-9)/15. Calculate the greatest common divisor of q and 5.
5
Let p(y) = y + 16. Let m be p(-9). Suppose -8*l + 304 = -m*l. Suppose -4*v = -8*v + l. What is the greatest common factor of 19 and v?
19
Suppose 3*p - 2*m = -0*m - 10, -m - 1 = 0. Let d(g) = -16*g - 23. Let b be d(p). What is the greatest common factor of 123 and b?
41
Let t(i) = -7*i**2 + i - 12. Let m be t(4). Let r be ((-4)/8)/(1/m). Calculate the greatest common divisor of r and 24.
12
Let c = 97 - 92. Suppose c*v - 8 = 3*f + v, 3*f = -v + 17. Calculate the greatest common factor of 36 and f.
4
Let u(i) = 7*i**2 - 10*i + 8. Let g be u(6). Let n = g - 95. What is the greatest common factor of n and 15?
15
Suppose 0 = 3*y - y - 2, 0 = 2*l + 3*y - 71. Let s = -29 + l. What is the greatest common divisor of 1 and s?
1
Let p(x) be the third derivative of x**5/60 + x**4/24 + 4*x**3/3 + 2*x**2. Let r = 36 - 45. Let i be p(r). What is the greatest common divisor of i and 10?
10
Let g = -186 + 245. Calculate the greatest common divisor of g and 236.
59
Suppose -k - 2 = 0, 12*u - 10*u - 5*k = 194. What is the highest common divisor of 4 and u?
4
Let i be -7 - -7 - 7*2. Let s be 7/i + 55/2. Let w(n) = 4*n**2 + 19*n - 23. Let o be w(-8). Calculate the greatest common divisor of s and o.
27
Let s = 26 + -22. What is the greatest common factor of 116 and s?
4
Suppose 0 = 10*h - h - 72. Suppose -1709 = -h*o - 493. What is the highest common factor of o and 19?
19
Suppose -3*j - m + 0*m = -19, 4*j = -3*m + 32. Let a = -26 + 28. What is the highest common factor of a and j?
1
Let n(y) = 10*y**2 - 8*y - 81. Let k be n(-5). What is the highest common divisor of 19 and k?
19
Let t be 118 + 18/(-13 + 7). Calculate the greatest common factor of t and 207.
23
Suppose 3*l = 3 + 39. Let v = l - 9. Suppose -6*z + z = -v*r - 25, z - 5 = 3*r. Calculate the greatest common divisor of 35 and z.
5
Let m = -267 - -1371. Calculate the greatest common divisor of 48 and m.
48
Suppose -h + 26 - 6 = 0. Let g be (-13)/(39/(-10))*3. Calculate the greatest common factor of h and g.
10
Suppose 0 = -7*q + 82 - 33. Let m be (-3)/15 - (-318)/15. What is the greatest common factor of q and m?
7
Suppose -o + 12 = 3*o. Let x(h) = 12*h**2 + 3*h - 2. Let w be x(o). Let k be (-1)/(274/92 - (-8 - -11)). What is the highest common factor of k and w?
23
Let u be (-12)/(-114) + 72952/76. Suppose 3*c + 2*z - 371 - 349 = 0, -u = -4*c + 2*z. Suppose 2*y = -2*y + c. What is the greatest common factor of 12 and y?
12
Suppose -1 - 2 = 3*k. Let g(w) = -7*w - 27. Let b be g(-4). Let v be 32/k*b/(-2). Calculate the highest common factor of 128 and v.
16
Suppose 38*g + 2800 = 66*g. Calculate the greatest common divisor of g and 340.
20
Let b = -931 - -951. Let r be 15*(32/6 - 2). Calculate the greatest common factor of r and b.
10
Suppose 408 + 87 = 15*d. What is the highest common factor of d and 528?
33
Let z be -2 + 6 + 1*45. Let a = z - 22. Let q be ((-10)/(-6))/(9/a). What is the greatest common factor of q and 5?
5
Let t = 92 + -82. Suppose -2*n - 7 = -j + 18, -j - t = 5*n. What is the greatest common factor of 20 and j?
5
Suppose 529 = 5*t - 691. Calculate the greatest common divisor of t and 24.
4
Let h be -11 - (8/(-4) + 4). Let n = 17 + h. Let a(x) = x**3 - 6*x**2 - 6*x - 6. Let p be a(7). Calculate the highest common factor of n and p.
1
Suppose -1146 = 10*h - 2856. Calculate the highest common factor of h and 9.
9
Let s = 23514 - 23478. Suppose -234 + 90 = -r. What is the greatest common factor of r and s?
36
Let a be (-22)/4*(-5 + 3). Suppose 3*h - 273 = 6*h. Let m = h + 124. What is the highest common divisor of a and m?
11
Suppose 0 = -5*o - 2 + 12. Suppose 3*n = -2*i - o*n + 43, 31 = 4*i - n. Calculate the greatest common divisor of 9 and i.
9
Suppose 0*w - r - 49 = -5*w, -4*w = 3*r - 24. Suppose 3*f = -0*f + 225. Let v = f - 3. Calculate the greatest common factor of w and v.
9
Let m(n) = 2*n**2 + 3*n - 2. Let p be m(-3). Suppose -84 = 45*l - 57*l. Calculate the greatest common factor of p and l.
7
Suppose -3*n - 462 = -4*k, 0 = 5*k + 26*n - 31*n - 580. Calculate the greatest common divisor of 722 and k.
38
Suppose -12*a - 157 = -2*t - 7*a, 0 = -4*t - 2*a + 326. Calculate the greatest common factor of t and 12.
3
Suppose 8*a - 3*a - 20 = 0. Suppose 6 = -2*j + a*j. Suppose -z = -i + 27, -11 - 78 = -j*i + 5*z. What is the highest common factor of 69 and i?
23
Suppose -1 = -2*n + 5. Suppose 12*x - n*x = 612. What is the highest common factor of x and 170?
34
Let q(o) be the second derivative of -3*o**5/5 + o**3/6 + o**2/2 - o. Suppose -32*y - 40 = -8. Let p be q(y). What is the greatest common divisor of 18 and p?
6
Let w = 8 - 6. Suppose w*k - 149 = -53. Let t be (-28)/((-4)/k*2). Calculate the greatest common divisor of t and 21.
21
Let b = 73 + -74. Let h be (4 + (b - 1))/(3/24). What is the greatest common factor of 16 and h?
16
Let g be -286*(0 + -1) - (-16)/8. What is the greatest common divisor of 32 and g?
32
Let d be (28/16)/((-23)/(-1012)). Calculate the greatest common factor of d and 264.
11
Suppose 7*u + 8 - 281 = 0. Calculate the greatest common factor of u and 260.
13
Let u be (-1 - -4 - 1) + -3. Let o be u + 98 - 1 - 1. What is the greatest common factor of o and 38?
19
Let h be 546/8 - 1/4. Suppose -67*k + 44*k - 64 = -39*k. Calculate the highest common divisor of k and h.
4
Let g be (-2)/(-8) - (27/12 + -2). Let m be -12 + 8 - (2 - (g + 27)). What is the greatest common factor of m and 273?
21
Suppose -42 = n - 2*n. Suppose n = 5*p - 718. What is the highest common factor of 19 and p?
19
Suppose 0 = -w + 2 + 1. Suppose -w*z = -2*z - 9. What is the highest common divisor of z and 6?
3
Let h(w) = w**2 + 6*w - 8. Suppose -7 + 61 = -6*v. Let d be h(v). What is the highest common divisor of 57 and d?
19
Suppose 5*h + 5*g = 35, 5*g - 3 = -4*h + 21. W